2*s. List the prime factors of i.
2, 3, 5
Let y = 70325 + -38813. Suppose y = 14*w + 10946. What are the prime factors of w?
13, 113
Suppose 4*h - 4*u - 220 = -32, -5*h + 253 = 4*u. Let x = 54 - h. Suppose 6*z = 7*z + x*n - 251, 3*z - 688 = -2*n. What are the prime factors of z?
2, 113
Suppose -5*q + 688 = -577. Suppose -34*x = 3*x - 3071. Suppose x = 4*y - q. List the prime factors of y.
2, 3, 7
Let b(a) = 13*a**2 - a - 5. Let z be b(3). Suppose z + 93 = -4*n - 3*t, 0 = 4*n - 3*t + 190. Let w = 189 - n. List the prime factors of w.
2, 7, 17
Let t be (1 - -2) + (-1)/1*-9. Let h be (-42)/(-9) - t/18. List the prime factors of (-759)/(-6) + 1 + h/(-8).
127
Suppose -3*i + 2*z = -39674, 0 = -25*i + 27*i - z - 26450. List the prime factors of i.
2, 17, 389
Suppose 0 = -125*c + 123*c - 26. Let f(q) = -q**2 - 11*q + 15. Let n be f(c). Let j(k) = -14*k + 38. List the prime factors of j(n).
2, 3
Let z(o) = -296*o**3 - 3*o**2 - 2*o. Let h be z(-1). List the prime factors of h + 11 + -6 + 4.
2, 19
Suppose -16 = -3*r + 14. Suppose 0 = -15*z + r*z + 25. Suppose -f = 3*n - 109 - 181, 102 = n - z*f. List the prime factors of n.
97
Suppose -9*w + 7*w + 5*a = -36605, 3*a = -3*w + 54939. What are the prime factors of w?
2, 5, 1831
Suppose -2*s - 467 = 927. Let r = 1017 + s. Suppose -2*y = 4*v - 320, -y = -3*y - 3*v + r. List the prime factors of y.
2, 5
Let l(r) = 23*r**2 + 2. Let b be 3/(-4)*(-8)/3. Let t be l(b). Let f = t - 30. List the prime factors of f.
2
Suppose 2*g + 91395 = 3*l + 2*l, -g = -2*l + 36557. List the prime factors of l.
101, 181
List the prime factors of (-1 + (5 - 5))/(50675/8446 - 6).
2, 41, 103
Suppose -8*j = -12*j + k + 23791, 0 = -j - 4*k + 5935. Suppose j = 6*t - 395. List the prime factors of t.
7, 151
Let h(i) = 26 + 0*i - 7*i + 8*i + i. Let c be h(-10). What are the prime factors of c*(-3 - -4) - 3 - -114?
3, 13
Suppose 4*a - 16 = -4*q, -4*a - 2 = 5*q - 23. List the prime factors of 0 + q - (-14740)/11.
5, 269
Suppose 3*d + 5*i + 321 = 0, 5*i + 410 + 115 = -5*d. Let n be -6 + d/(-18) + (-2)/(-6). Suppose 6*o - 10*o + 300 = n. List the prime factors of o.
3, 5
Let i(b) = b**2 + 4*b + 6. Let v be i(-3). Suppose -2*k = -v*y - 248, -4*k - 496 = -8*k + 2*y. List the prime factors of k.
2, 31
Suppose 19*o + 28 = -48. List the prime factors of (16524/81)/(0 - o/10).
2, 3, 5, 17
Let u = -5343 - -10631. List the prime factors of u.
2, 661
List the prime factors of 24336 - (1 - (19 - 9)).
3, 5, 541
Suppose 68996 = 4*x - w, 13791 + 3461 = x - w. What are the prime factors of x?
2, 7, 11
Suppose 7*y - y - 5*y - 3158 = 0. What are the prime factors of y?
2, 1579
Suppose -4002 = -m + x + 4802, 4*m = x + 35234. List the prime factors of m.
2, 5, 881
Let k(h) = 424*h**2 + 4*h + 1. Let s(j) = -j**2 + 28*j - 179. Let q be s(10). What are the prime factors of k(q)?
3, 11, 13
Let w(t) = 2*t + 20. Let r be w(-5). Suppose -2*g = -8 - r. Suppose -739 = -g*x - 217. List the prime factors of x.
2, 29
Let m be -10 - ((-9)/9 - 9). Suppose 0 = 2*o - 568 - 502. Suppose 15 = -5*l - m, 4*b = l + o. What are the prime factors of b?
7, 19
Let t = 97 - 61. What are the prime factors of (-41)/((66/t)/(-11))?
2, 3, 41
List the prime factors of ((-6)/(-3) + -1661)/(6363/(-396) + 16).
2, 7, 11, 79
Let d = 30695 + -6811. List the prime factors of d.
2, 7, 853
Suppose -3070 + 21415 = 5*o + 5*h, -4*o = -h - 14661. What are the prime factors of o?
2, 3, 13, 47
Suppose 0 = -31*b + 79091 + 25906. Suppose 0 = -13*z + b - 384. List the prime factors of z.
3, 7, 11
Suppose z - 472 = -4*i, -3*z + 1450 = -i - 4*i. Suppose -3*f - z + 60 = -a, -3*a + 1248 = 3*f. List the prime factors of a.
3, 139
What are the prime factors of -4 + 30497 + 13 + 9?
5, 17, 359
Suppose -5*i + 2894 = 4*h - 6661, 4*i - 4*h - 7644 = 0. What are the prime factors of i?
3, 7, 13
Suppose 49611 = 3*a + 4*y, 2*y = -1500*a + 1502*a - 33074. What are the prime factors of a?
23, 719
Suppose 43*i - 118600 = 23*i. List the prime factors of i.
2, 5, 593
Let f(t) = 5*t**2 + 1. Suppose 5*u = -15, 2*q = 6*q + 5*u - 405. Let x = -100 + q. List the prime factors of f(x).
2, 3, 7
Suppose 0 = -2*k + 16 + 4. Suppose k = -2*a, 4*v + 4*a + 32 = -0*a. What are the prime factors of ((-9)/1 - v)/(-1)?
2, 3
Let u be (-700)/(-15) + -5 - (-4)/(-6). Suppose u + 110 = w. Let a = -30 + w. List the prime factors of a.
11
Suppose -21 - 27 = -6*v. Let f(k) = 10 + 5*k + v*k + 9 + 2*k. List the prime factors of f(9).
2, 7, 11
Let h be 11193/9*(-7 + -2). Let l be h/(-18) - (3/(-18) - 0). Let u = -423 + l. List the prime factors of u.
199
Suppose n + 193 = 785. Let c = n + -364. List the prime factors of c.
2, 3, 19
Suppose 3*k - 173*r - 62823 = -170*r, -2*k = -r - 41874. What are the prime factors of k?
11, 173
Let y(g) = -g**2 + 8*g - 1. Let p be y(7). Let q = p - -71. What are the prime factors of q?
7, 11
Let b(o) = 83*o**2 - 73*o - 25. List the prime factors of b(-14).
3, 5, 1151
Let o be (-42)/(-5)*20/6. Suppose 5*m - x - 7 + 2 = 0, -3 = -4*m + x. Suppose 18 = m*q - o. What are the prime factors of q?
23
Let h be (18/(-36))/(1/27484). List the prime factors of h*(-7)/56 - 6/8.
17, 101
Let y be 554/6 - ((-3)/(-9) + 0). What are the prime factors of (-23)/6*y*(-3)/2?
23
What are the prime factors of (-134144146)/(-4419) - 2/9?
2, 7589
Let h = 3176 + -1524. Let d = h - -7. List the prime factors of d.
3, 7, 79
Let f(n) = n**3 - 8*n**2 - 20*n + 9. Let m(g) = -g**3 + 10*g**2 + 12*g. Let t be 6*(-20)/(-8) - 4. Let c be m(t). What are the prime factors of f(c)?
2, 19
Let r(g) = g**2. Let f be r(-1). Let b = 5 - f. What are the prime factors of (-9)/(-6)*(b + (-124)/(-3))?
2, 17
Let a(j) be the second derivative of j**5/20 - j**4/3 + j**3/3 - j**2/2 + 20*j. Let b be a(4). Suppose -b*z + 851 = -66. List the prime factors of z.
131
Suppose 14*o + 101 - 3 = 0. What are the prime factors of (1 + o)/2 + (-254)/(-2)?
2, 31
Let s = 22988 + -11094. List the prime factors of s.
2, 19, 313
Suppose 0 = -l - 5*v - 0*v + 22, -v = l - 6. Suppose 2195 = 3*i - l*j, 2104 = 3*i + 5*j - 126. What are the prime factors of i?
3, 5, 7
Suppose 9 = 11*c - 2. What are the prime factors of 12/8*(112/12)/c?
2, 7
Suppose 6*a = 4*a + 822. Suppose 0 = -28*p - 9370 + 1334. Let q = a + p. What are the prime factors of q?
2, 31
Let j(g) = 5*g**3 - 9*g**2 + 40*g + 11. Let c(m) = m**3 + m**2 + m. Let q(a) = 6*c(a) - j(a). What are the prime factors of q(-14)?
661
Let f = -701 - -1276. Suppose 8*c - f = 3*c. What are the prime factors of c?
5, 23
Suppose -v - 21 - 4 = 0. Let r = 28 + v. Suppose 5*m - 94 = r*m. What are the prime factors of m?
47
List the prime factors of 12 + 20798*12/(288/60).
131, 397
Let g be ((-6)/(-9))/2 + (-60)/(-9). Let s = g - 2. Suppose 0 = -s*t - 2*o + 105, 0 = 2*t - 6*t - 2*o + 84. What are the prime factors of t?
3, 7
Let y = -494 + 187. Let s = y - -846. List the prime factors of s.
7, 11
Suppose 162*c - 158*c - 16 = 0. Suppose -4*x = p - 33, -3*p + 6*p + c*x - 139 = 0. List the prime factors of p.
53
Let m be (1 - (-966)/4) + (-5)/10. Suppose -188 - 20 = 2*i. Let l = i + m. What are the prime factors of l?
2, 3, 23
Let j = -80 - -335. Suppose -3*g = -4*g - 3*y + j, -2*g + 538 = -y. List the prime factors of g.
3, 89
Suppose 14 = -f + 19. Suppose f = y, -11*y + 876 = 2*m - 15*y. What are the prime factors of m?
2, 7
Suppose 239*f - 249*f = -263603 - 97247. What are the prime factors of f?
5, 7, 1031
Let a = 1975 + 4268. What are the prime factors of a?
3, 2081
Let h(v) = 3*v**3 + 5*v**2 + 42*v - 88. What are the prime factors of h(15)?
2, 11, 67
Let f(x) = -x**3 + 9*x**2 + 4*x - 12. Let b(k) = 2*k + 51. Let j be b(-23). Suppose -d + 5 = 0, -3 = 4*n - 8*n + j*d. List the prime factors of f(n).
2, 3, 19
Let i(x) = -9244*x + 535. List the prime factors of i(-4).
37511
Suppose -37275 - 15414 = -8*w + 15583. What are the prime factors of w?
2, 17, 251
Let h be -1*(-323 - (9 - 3)). Let w = -46 + h. What are the prime factors of w?
283
Let r(o) be the third derivative of 4*o**5/15 - o**4/12 - 5*o**3/3 - o**2. Suppose -4*q = 3*s + 25, 0 = 2*s + 3*q - 1 + 19. What are the prime factors of r(s)?
2, 5, 7
Let j = -68 + 3938. List the prime factors of j.
2, 3, 5, 43
Suppose 5*t - 5 - 23 = -3*u, 3*u - 5*t - 68 = 0. Let n(x) = -x**2 - 14*x + 21. Let j be n(-